 Let r be o(-9). Let n(q) = 8*q**2 - 7*q**r - 28*q**3 - 1 + q - q. What are the prime factors of n(-1)?
2, 7
Let t(y) = 4 - 6 + y**2 + 1 + 3*y + 8. Suppose 2*h + 1 = 2*k - 19, 5*k - 29 = 2*h. List the prime factors of t(h).
5, 7
Let o be (-4)/1 - ((-5 - -2) + -27). Suppose 30*c = o*c + 1060. List the prime factors of c.
5, 53
Suppose -a + 3*u + u = -26, 0 = -4*a + 2*u + 62. Suppose -5*h = -371 - a. What are the prime factors of h?
7, 11
Suppose -4*c + 5*t = -5*c + 20, -t + 15 = -2*c. List the prime factors of 290/4*(-4)/c.
2, 29
List the prime factors of 1/(-9 - 10752/(-1194)).
199
Let j(d) = d**3 + 9*d**2 + 8*d + 11. Let m be j(-8). Suppose 1395 + 134 = m*t. List the prime factors of t.
139
Let q be (-1)/(-5) + 45/25 + -95. Let k = 13 - q. List the prime factors of k.
2, 53
Let k be 28/8 - (-1)/2. Suppose -w - 1 = -y, 0 = -y + k*y - 5*w + 1. Suppose y = p - j - 7, -j - 40 = -4*p. List the prime factors of p.
2, 5
Let j = 6 + 3. Let p be (4/6)/(j/27). Suppose -5*g = 4*w - 3*w - 25, -p*w + 38 = 4*g. What are the prime factors of w?
3, 5
Let j = -1057 + 2671. List the prime factors of j.
2, 3, 269
Suppose -5*j = -j - 8, 0 = 4*s - j - 10. Suppose -3*o - 185 = -4*m + 581, s*o = -5*m + 971. Suppose 0 = 5*l - m - 112. What are the prime factors of l?
61
Let j(q) = q - 1. Let r(l) = l**2 - 7*l + 9. Let g(x) = 5*j(x) - r(x). Let w be g(10). Suppose -w*z + 4 = -4*z. What are the prime factors of z?
2
Suppose -h + n = -83 - 15, 4*n + 8 = 0. Let i = h - 39. What are the prime factors of i?
3, 19
Let k = 784 + -423. What are the prime factors of k?
19
Suppose -4*c + 47628 = 10*c. What are the prime factors of 1/5 + -1*c/(-15)?
227
List the prime factors of 87/((-511)/(-51) - 10).
3, 17, 29
Suppose 14*q = 7*q + 35. Suppose q*r - 2502 = -4*r. List the prime factors of r.
2, 139
Suppose 3*u + 1067 = 2*k - 2*u, 0 = 4*k + 3*u - 2069. List the prime factors of k.
521
Let i(c) = 40*c**2 - 18*c + 35. What are the prime factors of i(-7)?
3, 7, 101
Let k(t) = t + 15. Let d be (-4)/(-6) - 10/15. Suppose 2*y + 2*y - 32 = d. What are the prime factors of k(y)?
23
Let x = -3114 + 4871. What are the prime factors of x?
7, 251
Let m be 126/35 + (-4)/(-10). Suppose 210 = -o + m*o. What are the prime factors of o?
2, 5, 7
Suppose -z + 3*z - 23 = -3*o, 4*z - 4*o = -4. Suppose -3*d = -5*j + 406, 3*j + z*d - 232 = -0*d. What are the prime factors of j?
2, 5
Suppose 3*x - 4*x = 4*y - 278, 581 = 2*x + 3*y. What are the prime factors of x?
2, 149
Suppose z = -1035 + 1474. What are the prime factors of z?
439
Let w(b) = 21*b**2 + 7*b - 30. Let t be w(-9). Suppose t = n + 7*n. List the prime factors of n.
3, 67
Suppose -1002 = -4*n + 2*l, -l = 5*n - 6*l - 1240. What are the prime factors of n?
11, 23
Let w = -39 + 44. Let l be (-26)/(-7) - 4/(-14). Suppose f = l - 3, -w*r - 5*f + 165 = 0. What are the prime factors of r?
2
Suppose -27*t = -22*t - 2380. What are the prime factors of t?
2, 7, 17
What are the prime factors of ((-3)/3)/(2316/(-330) + 7)?
5, 11
Let u = 1285 - -2087. What are the prime factors of u?
2, 3, 281
What are the prime factors of 7930/(-52)*(-2)/1?
5, 61
Let z = -429 + 1470. List the prime factors of z.
3, 347
Suppose -5*l - 5*g + 12 = -2*l, 0 = -g. Let k be 2/8 - l/16. What are the prime factors of 16*(k - 21/(-12))?
2, 7
Let x(w) be the third derivative of w**6/120 - w**5/60 - 5*w**4/24 + w**3/3 + 8*w**2. List the prime factors of x(3).
5
Let p be 358/(2/2) - (16 - 14). Suppose 3*f - 5*f - 4*a + p = 0, -862 = -5*f - 3*a. List the prime factors of f.
2, 5, 17
Let j = -45 + 43. What are the prime factors of 2/(-4) - (1687/j)/7?
2, 3, 5
Let g be -94*(15/2)/(-5). Suppose -n + 3*w = 2*w - 29, -3*w = -5*n + g. List the prime factors of n.
3
Let a(s) = 259*s**2 + 2*s - 1. Suppose -b + 1 = -0. What are the prime factors of a(b)?
2, 5, 13
Let i(n) = 31*n + 16. Let g(b) = -21*b - 11. Let j(r) = -7*g(r) - 5*i(r). Let l = -34 - -29. What are the prime factors of j(l)?
37
Let r be -6*((-18)/4 - -4). Suppose 90 = -r*d + 5*d. What are the prime factors of d?
3, 5
Let h be 182/42 - (-2)/3. Suppose 194 = h*u - 486. List the prime factors of u.
2, 17
What are the prime factors of 1748/10 + 36/(-20) + 2?
5, 7
Suppose 3*o + 0*o = -9. Let m = o - 5. List the prime factors of (15/12 + -2)*m.
2, 3
Let t(r) = 26*r**2 - 9*r + 56. List the prime factors of t(-12).
2, 977
Let t(m) = 11*m + 2*m + 1 + 5 - 3. List the prime factors of t(2).
29
Let z(i) = i**3 - 24*i**2 + 30*i - 43. List the prime factors of z(26).
2089
Let h = -1317 + 2542. What are the prime factors of h?
5, 7
Suppose -23*c + 27*c = 1764. List the prime factors of c.
3, 7
Let v be 37/3 - 10/(-15). Let c = v + -12. Let u(y) = 19*y + 2. List the prime factors of u(c).
3, 7
Suppose 0*b + 4*b - 28 = 0. Let y be 85 + b - -2*1. Suppose -4*g + k = -y, 9 - 93 = -4*g - 4*k. What are the prime factors of g?
23
Suppose 25*o = 1410 + 1040. List the prime factors of o.
2, 7
List the prime factors of (-14 + 0 + 2)*(-76145)/628.
3, 5, 97
Let x be (-3)/(3/(-2)) + (6 - -69). Let w = x - -10. List the prime factors of w.
3, 29
Let m(t) = 787*t**2 + 5*t + 2. List the prime factors of m(-1).
2, 7
What are the prime factors of (-2 + 1 + (153 - -8))*7?
2, 5, 7
Suppose 4*b - 16 = 0, -4*g - 14*b + 1868 = -11*b. What are the prime factors of g?
2, 29
Let f = -4458 - -6341. List the prime factors of f.
7, 269
Let p be -1 - (163 + 4/1). Let s = p - -244. What are the prime factors of s?
2, 19
What are the prime factors of 188*((-15)/10 + 2)?
2, 47
Suppose 3*s + 2*s - 200 = 0. Suppose -5*y = 4*d + d - s, 0 = -d + 2*y - 7. Suppose -d*o + 5*p = -28, -o + 12 = p - 0. List the prime factors of o.
11
Let k = 33 - 29. Suppose 6*f - k - 8 = 0. Suppose 0 = 4*n - f*n + 3*z - 114, -5*z = 0. What are the prime factors of n?
3, 19
Let p(j) = 3 + j**2 + 11*j + 4 - 2*j**2. Let b be p(8). What are the prime factors of (-3)/6 + b/2?
3, 5
Suppose 5*a - 2*h = a + 14, 4*a = 3*h + 13. Suppose 0 = 5*n - 5*y - 50 - 55, -54 = -2*n - a*y. What are the prime factors of n?
23
Let a(r) = -r**2 + 9*r + 1. Let l be a(9). Let z be (3/(-4))/(l/(-4)). What are the prime factors of 96/15 + z/5?
7
Suppose -2*k - 3*k + 3*z = 3, 0 = -3*k - z + 1. Let t be -8*(k + (-4 - -3)). Suppose 25 = i - t. What are the prime factors of i?
3, 11
Suppose 6*x + 44 = 4*x. Let s = x + 60. List the prime factors of s.
2, 19
Suppose 4*i = -3*i + 77. Suppose 8*t = i*t - 444. What are the prime factors of t?
2, 37
Let s = -1235 - -2317. What are the prime factors of s?
2, 541
Let p(w) = -5*w**3 - 21*w**3 - w**3. What are the prime factors of p(-1)?
3
Suppose 4*g + 2*o - 1375 = 5471, g - 4*o = 1707. List the prime factors of g.
29, 59
Let h(z) = -z**2 - 2*z - 10. Let w be h(0). List the prime factors of 680/100 - 2/w.
7
Suppose 0*k - 3*k = 6. Let i = 1 - k. Suppose i*o = -2*o + 160. List the prime factors of o.
2
What are the prime factors of 0/(-2) + (5 + -12 - -421)?
2, 3, 23
Let z = -38 - -29. What are the prime factors of (-411)/z + 2/(-3)?
3, 5
Let t(j) = -j**2 + 6*j + 2. Let a be (-1 - -5) + (3 - 0). Let l(o) = -o**3 + 7*o**2 + 6. Let z be l(a). List the prime factors of t(z).
2
Suppose 21245 = 42*d + 4697. List the prime factors of d.
2, 197
What are the prime factors of (280/15)/((25/(-30))/(-5))?
2, 7
Suppose 3*u - 2*x - 382 = -u, -201 = -2*u - x. Suppose u*z + 293 = 99*z. List the prime factors of z.
293
Suppose 0 = 2*q + q - 6. Suppose q*z = -5*l + 119 + 21, -4*l = z - 76. What are the prime factors of z?
2, 3, 5
Let r be -1 + (67 - 3) + -3. Suppose r - 4 = 4*m. Let j(a) = a**2 - 10*a - 14. List the prime factors of j(m).
2, 3, 7
Suppose s + 0 = 5, 539 = 2*b + 5*s. Let n = -104 + b. List the prime factors of n.
3, 17
Let b(n) = 4*n. Let t be b(1). Suppose -r - 10 = -t*u + 29, -u = 3*r. List the prime factors of u.
3
Suppose 5*p - 78 = 87. Suppose -4*q + 5*v + p = 0, -2*q + 3*q - 12 = 2*v. Let m = q - -14. What are the prime factors of m?
2
Let j = -55 - -59. List the prime factors of 182/((-4)/(-16)*j).
2, 7, 13
Let c(q) be the first derivative of 169*q**4/4 - q**3/3 + q**2 - q + 17. List the prime factors of c(1).
13
Let c = -71 - -155. Suppose 3*d = 21 + c. List the prime factors of d.
5, 7
Let x(n) = -5 + 4 + 0*n - n + 0. Let v be x(-4). Suppose -8 = -v*h + 4. What are the prime factors